(t) = -7*t**3 + 29*t**2 + 46*t - 208. Give s(4).
-8
Let w(r) = 35*r + 64. Give w(-4).
-76
Let f(t) = 11860*t + 59288. Give f(-5).
-12
Let b(w) = 88*w + 42. Determine b(-1).
-46
Let s(q) = 17*q + 308. Give s(-22).
-66
Let h(q) = 12*q + 16. What is h(2)?
40
Let l(i) = -223*i - 3560. What is l(-16)?
8
Let x(m) = 3*m**3 - 69*m**2 + 3*m - 18. Calculate x(23).
51
Let h(v) = -13*v + 86. What is h(17)?
-135
Let u(g) = -2*g**3 - 15*g**2 - 73*g - 450. Give u(-7).
12
Let y(k) = -4*k**2 + 27*k - 137. Calculate y(7).
-144
Let z(g) = 20*g**3 + 142*g**2 - 33*g - 333. What is z(-7)?
-4
Let f(h) = 134*h**2 - 1341*h + 17. What is f(10)?
7
Let r(o) = 25*o - 126. Calculate r(5).
-1
Let d(a) = 4*a**2 + 77*a - 85. Calculate d(-25).
490
Let f(o) = 53*o**3 - o**2 + 2*o. Determine f(1).
54
Let q(z) = z**2 + 38*z + 226. Give q(-38).
226
Let l(g) = -2*g**2 - 110*g + 2160. Determine l(16).
-112
Let a(w) = w**2 + 11*w - 84. Calculate a(16).
348
Let x(h) = 34*h + 237. Give x(-7).
-1
Let u(v) = -v**3 - 26*v**2 - 56*v - 86. Calculate u(-24).
106
Let p(a) = 2*a**2 - 2*a + 37. Calculate p(-7).
149
Let a(r) = -r**3 + 6*r**2 + 11*r + 7. Give a(7).
35
Let z(q) = 6*q**3 - 15*q**2 + 139*q - 408. Give z(3).
36
Let b(w) = -2*w**3 - 40*w**2 - 32*w + 122. What is b(-19)?
8
Let x(c) = -37*c - 154. What is x(-7)?
105
Let u(l) = 8*l + 287. What is u(-33)?
23
Let b(d) = -d**3 + 28*d**2 - 13*d - 227. Calculate b(28).
-591
Let a(p) = -61*p - 370. Determine a(-8).
118
Let x(k) = -k**3 + 22*k**2 - 119*k + 187. What is x(15)?
-23
Let b(z) = -z**3 + 12*z**2 - 12*z + 24. Calculate b(11).
13
Let m(i) = -78*i**2 + 10*i - 9. Give m(1).
-77
Let y(t) = 7847*t + 54941. Give y(-7).
12
Let m(v) = -4*v**3 - 18*v**2 + 39*v - 1. Calculate m(5).
-756
Let d(y) = 10*y**3 + 10*y - 16. What is d(-3)?
-316
Let l(f) = f**3 + 18*f**2 + 21*f + 9. Calculate l(-7).
401
Let p(d) = -2*d**3 - 84*d**2 - 240*d - 10. What is p(-3)?
8
Let y(c) = -c**3 - 20*c**2 - 35*c - 153. Calculate y(-20).
547
Let s(o) = 3*o**3 + 14*o**2 - 12*o + 5. What is s(-6)?
-67
Let v(g) = 4*g**3 + 24*g**2 + 22*g + 130. Give v(-6).
-2
Let x(p) = 167*p + 518. Calculate x(-3).
17
Let s(q) = -4*q**2 + 15*q - 22. What is s(-6)?
-256
Let j(w) = -w**2 + 78*w + 3792. Calculate j(-34).
-16
Let k(r) = 4*r**2 - 290*r - 1077. Give k(76).
-13
Let r(s) = 68*s - 1363. Calculate r(20).
-3
Let r(h) = h**2 - 12*h - 14. Determine r(16).
50
Let w(h) = 147*h - 102. What is w(1)?
45
Let z(r) = -5*r + 10. What is z(5)?
-15
Let b(z) = -z**3 - 32*z**2 + 206*z - 91. What is b(5)?
14
Let y(r) = 18*r - 16. Give y(-4).
-88
Let p(d) = -64*d + 3032. Determine p(46).
88
Let x(q) = 66*q - 587. Determine x(9).
7
Let g(x) = -7*x**2 - 316*x - 42. Give g(-45).
3
Let v(i) = 46*i - 812. Give v(32).
660
Let b(i) = 9*i**2 - 14*i - 2. Give b(3).
37
Let w(m) = m**2 + 3159*m - 4. Determine w(0).
-4
Let h(y) = 9*y**2 - 9*y - 10. Give h(-3).
98
Let q(n) = -2*n**3 + 45*n**2 + 52*n - 53. Give q(24).
-533
Let y(t) = -7*t**3 + 6*t**2 + 78*t + 227. Give y(-3).
236
Let z(w) = -3*w**3 + 60*w**2 + 11*w - 195. Determine z(20).
25
Let t(n) = n**3 + 70*n**2 - 30*n - 2127. Determine t(-70).
-27
Let q(d) = 121*d + 2063. Determine q(-17).
6
Let n(x) = -x**2 - 18*x + 319. Give n(11).
0
Let w(t) = -2*t**3 + 111*t**2 + 293*t - 181. Determine w(58).
-7
Let p(f) = f**2 - 29*f - 166. Calculate p(31).
-104
Let v(g) = g**3 + 35*g**2 + 31*g - 105. Give v(-34).
-3
Let q(s) = -s**3 + 17*s**2 - 42*s + 142. Calculate q(15).
-38
Let n(u) = -u**3 + 107*u**2 - 216*u + 11704. What is n(106)?
44
Let q(k) = -8*k**3 + 3*k**2 - 2*k - 2. What is q(2)?
-58
Let y(m) = -920*m - 9. Give y(0).
-9
Let k(x) = -x**3 + 8*x**2 + 22*x + 10. Calculate k(10).
30
Let i(g) = 78*g - 5. Calculate i(0).
-5
Let a(g) = 3*g**3 + 120*g**2 + 119*g + 85. Calculate a(-39).
7
Let z(l) = 23*l + 1377. Determine z(-65).
-118
Let c(b) = -b**2 - 590*b - 8069. Determine c(-14).
-5
Let m(q) = q**3 + 190*q**2 - 1174*q - 16. What is m(6)?
-4
Let k(g) = 2*g - 103. Calculate k(39).
-25
Let u(l) = 549*l - 13158. Determine u(24).
18
Let k(o) = o + 25. What is k(-44)?
-19
Let z(o) = -2*o**3 + 44*o**2 + 3*o - 62. Determine z(22).
4
Let j(c) = -23*c + 573. Give j(24).
21
Let v(q) = 55*q - 586. Determine v(11).
19
Let x(k) = k**2 - 1763*k + 8820. Give x(5).
30
Let g(i) = -10*i**2 + 61*i + 6162. Calculate g(-22).
-20
Let x(t) = -4*t + 238. Give x(45).
58
Let o(r) = -15*r**2 - 136*r - 4. Calculate o(4).
-788
Let l(h) = -64*h + 130. What is l(2)?
2
Let j(c) = -527*c + 4732. What is j(9)?
-11
Let l(c) = -196*c**2 + 59*c - 62. Give l(1).
-199
Let s(l) = -6*l**3 - 7*l**2 + 5. What is s(3)?
-220
Let l(y) = -66*y + 2524. What is l(37)?
82
Let s(t) = -191*t - 9174. What is s(-48)?
-6
Let v(w) = w**2 - 22*w - 94. What is v(-4)?
10
Let m(b) = 3*b + 69. Give m(-64).
-123
Let o(y) = -y**3 + 4*y**2 + 149*y - 451. What is o(3)?
5
Let v(g) = -2*g**2 - 614*g - 29269. Calculate v(-59).
-5
Let k(i) = 702*i + 122. Calculate k(0).
122
Let w(d) = -d**2 + 28*d + 120. Calculate w(-7).
-125
Let g(i) = -3629*i + 14546. Give g(4).
30
Let t(l) = -11*l**2 + 50*l - 55. What is t(3)?
-4
Let u(z) = -z**3 - 178*z**2 - 191*z - 2481. Give u(-177).
-3
Let n(h) = 2*h**3 - 58*h**2 + 9*h - 238. What is n(29)?
23
Let r(f) = -f**3 - 10*f**2 + 50*f + 502. Calculate r(-7).
5
Let z(v) = -227*v**3 - 18*v + 16. What is z(1)?
-229
Let x(w) = 2*w**2 - 46*w + 29. Calculate x(9).
-223
Let p(k) = -k**2 + 55*k - 679. Determine p(39).
-55
Let g(l) = -l**3 - 6*l**2 + 7*l + 18. Calculate g(-4).
-42
Let u(x) = -x**3 + 93*x**2 + 348*x - 5734. What is u(96)?
26
Let q(n) = -110*n + 5369. Determine q(49).
-21
Let i(k) = -19*k**2 + 2168*k - 219. Determine i(114).
9
Let o(r) = 2*r**3 - 10*r**2 - 91*r + 474. Give o(6).
0
Let g(r) = -r + 110. Determine g(24).
86
Let f(o) = -2*o**3 - 17*o**2 - 22*o - 122. Give f(-10).
398
Let q(v) = -v**2 + 13*v - 23. Determine q(13).
-23
Let t(r) = -895*r - 11624. Determine t(-13).
11
Let g(i) = i**2 + 222*i + 4719. Calculate g(-24).
-33
Let w(h) = -33*h + 742. Calculate w(21).
49
Let t(a) = -18*a + 1142. What is t(73)?
-172
Let x(m) = 34*m - 2590. Calculate x(76).
-6
Let p(r) = 133*r + 3472. Determine p(-26).
14
Let f(h) = -1382*h + 35941. Give f(26).
9
Let g(x) = -11*x + 74. What is g(24)?
-190
Let p(f) = 265*f + 8134. Calculate p(-31).
-81
Let i(s) = s**3 - 6*s**2 - 35*s - 68. Give i(10).
-18
Let g(l) = l**3 - 144*l**2 + 138*l + 722. What is g(143)?
7
Let v(u) = u**2 - 55*u + 221. What is v(44)?
-263
Let z(t) = t**3 - 20*t**2 - 864*t + 118. Give z(41).
-5
Let t(m) = -2*m**3 + 55*m**2 - 28*m - 9. Give t(27).
-36
Let o(n) = n**2 + 1592*n + 77092. Give o(-50).
-8
Let h(v) = 28*v**3 - v**2 + 31*v + 32. Calculate h(-1).
-28
Let d(u) = -3*u**3 + u**2 + 3*u + 2. Give d(2).
-12
Let r(k) = -843*k - 1700. Give r(-2).
-14
Let f(m) = -65*m**2 - 2730*m - 11. Calculate f(-42).
-11
Let x(q) = 125*q - 369. Calculate x(3).
6
Let s(p) = p**3 + 103*p**2 - 3355*p - 106. What is s(-129)?
23
Let p(b) = b**3 + 13*b**2 + 13*b + 4. Calculate p(-12).
-8
Let b(q) = -4*q - 10. Give b(-8).
22
Let i(z) = -10*z**2 - 835*z - 2804. Give i(-80).
-4
Let z(w) = w**2 - 116*w + 906. Calculate z(9).
-57
Let f(y) = y**2 - 60*y - 2174. Calculate f(84).
-158
Let m(y) = 671*y + 69120. Determine m(-103).
7
Let h(q) = -13*q**2 + 11*q + 2. Calculate h(0).
2
Let c(b) = -2*b**3 + 54*b**2 - 55*b + 195. Give c(26).
117
Let w(d) = -2*d**3 + 7*d**2 - 6*d - 2. Determine w(-3).
133
Let j(h) = -3*h**2 - 312*h + 79. Give j(-104).
79
Let c(y) = -y**2 - 32*y + 83. Determine c(-34).
15
Let f(d) = 183*d**2. Give f(1).
183
Let u(r) = -22*r + 305. Give u(16).
-47
Let j(a) = a**3 - 60*a**2 - 395*a - 168. Calculate j(66).
-102
Let i(p) = 64*p + 4998. Determine i(-79).
-58
Let j(a) = -19*a + 53. Calculate j(-12).
281
Let l(v) = v**3 - 22*v**2 + 23*v - 122. Calculate l(21).
-80
Let j(x) = -17*x - 964. Give j(-54).
-46
Let s(y) = -2*y**2 + 104*y + 172. Give s(54).
-44
Let q(c) = -2*c**3 + 4*c**2 + 970*c - 62. Determine q(23).
30
Let w(t) = -t**3 - 48*t**2 - 7*t - 352. Determine w(-48).
-16
Let t(a) = -4*a**3 - a**2 - a + 8. What is t(0)?
8
Let p(l) = -19*l**2 + 4501*l + 463. Calculate p(237).
-11
Let b(f) = -10*f + 215. Give b(16).
55
Let l(x) = -17*x**3 - 8*x**2 - 24*x - 26. Calculate l(-1).
7
Let m(q) = -q**2 - 27*q + 373. Calculate m(8).
93
Let a(v) = 20*